{"id":3619,"date":"2018-03-09T13:38:40","date_gmt":"2018-03-09T13:38:40","guid":{"rendered":"http:\/\/green-gvozd.com\/?page_id=3619"},"modified":"2019-01-29T13:25:52","modified_gmt":"2019-01-29T13:25:52","slug":"o-nama","status":"publish","type":"page","link":"http:\/\/green-gvozd.com\/","title":{"rendered":"O NAMA"},"content":{"rendered":"<p>Investitor Vjetroelektrane Gvozd je dru\u0161tvo sa ograni\u010denom odgovorno\u0161\u0107u Green Gvozd d.o.o. sa sjedi\u0161tem u \u00d0oka Mira\u0161evica 17c, Podgorica.<\/p>\n<p>Dru\u0161tvo je osnovano sa ciljem istra\u017eivanja vjetropotencijala i razvoja projekata vjetroelektrana na podru\u010dju Crne Gore.<\/p>\n\n\n<div id=\"envira-gallery-wrap-3893\" class=\"envira-gallery-wrap envira-gallery-theme-base envira-lightbox-theme-base\" itemscope itemtype=\"https:\/\/schema.org\/ImageGallery\"><div data-row-height=\"150\" data-gallery-theme=\"normal\" id=\"envira-gallery-3893\" class=\"envira-gallery-public envira-gallery-justified-public envira-gallery-0-columns envira-clear enviratope envira-gallery-css-animations\" data-envira-columns=\"0\"><div id=\"envira-gallery-item-3546\" class=\"envira-gallery-item enviratope-item envira-gallery-item-1 envira-lazy-load\" style=\"padding-left: 5px; padding-bottom: 10px; padding-right: 5px;\"  itemscope itemtype=\"https:\/\/schema.org\/ImageObject\"><div class=\"envira-gallery-item-inner\"><div class=\"envira-gallery-position-overlay  envira-gallery-top-left\"><\/div><div class=\"envira-gallery-position-overlay  envira-gallery-top-right\"><\/div><div class=\"envira-gallery-position-overlay  envira-gallery-bottom-left\"><\/div><div class=\"envira-gallery-position-overlay  envira-gallery-bottom-right\"><\/div><a href=\"https:\/\/i0.wp.com\/green-gvozd.com\/wp-content\/uploads\/2018\/03\/IMG_20160531_090120-Large.jpg\" class=\"envira-gallery-3893 envira-gallery-link\" rel=\"enviragallery3893\" title=\"\" data-envira-caption=\"\" data-envira-retina=\"\" data-thumbnail=\"\"  itemprop=\"contentUrl\"><img decoding=\"async\" id=\"envira-gallery-image-3546\" class=\"envira-gallery-image envira-gallery-image-1 envira-normal envira-lazy\" data-envira-index=\"1\" src=\"https:\/\/i0.wp.com\/green-gvozd.com\/wp-content\/uploads\/2018\/03\/IMG_20160531_090120-Large.jpg?fit=1536%2C862&#038;ssl=1\" data-envira-src=\"https:\/\/i0.wp.com\/green-gvozd.com\/wp-content\/uploads\/2018\/03\/IMG_20160531_090120-Large.jpg?fit=1536%2C862&#038;ssl=1\" data-envira-gallery-id=\"3893\" data-envira-item-id=\"3546\" data-envira-caption=\"\" alt=\"\" title=\"\"  itemprop=\"thumbnailUrl\" data-envira-srcset=\"https:\/\/i0.wp.com\/green-gvozd.com\/wp-content\/uploads\/2018\/03\/IMG_20160531_090120-Large.jpg?fit=1536%2C862&#038;ssl=1 400w,https:\/\/i0.wp.com\/green-gvozd.com\/wp-content\/uploads\/2018\/03\/IMG_20160531_090120-Large.jpg?fit=1536%2C862&#038;ssl=1 2x\" data-envira-width=\"300\" data-envira-height=\"168\" srcset=\"data:image\/gif;base64,R0lGODlhAQABAIAAAP\/\/\/\/\/\/\/yH5BAEKAAEALAAAAAABAAEAAAICTAEAOw==\" data-safe-src=\"data:image\/gif;base64,R0lGODlhAQABAIAAAP\/\/\/\/\/\/\/yH5BAEKAAEALAAAAAABAAEAAAICTAEAOw==\" \/><\/a><\/div><\/div><div id=\"envira-gallery-item-3684\" class=\"envira-gallery-item enviratope-item envira-gallery-item-2 envira-lazy-load\" style=\"padding-left: 5px; padding-bottom: 10px; padding-right: 5px;\"  itemscope itemtype=\"https:\/\/schema.org\/ImageObject\"><div class=\"envira-gallery-item-inner\"><div class=\"envira-gallery-position-overlay  envira-gallery-top-left\"><\/div><div class=\"envira-gallery-position-overlay  envira-gallery-top-right\"><\/div><div class=\"envira-gallery-position-overlay  envira-gallery-bottom-left\"><\/div><div class=\"envira-gallery-position-overlay  envira-gallery-bottom-right\"><\/div><a href=\"https:\/\/i0.wp.com\/green-gvozd.com\/wp-content\/uploads\/2018\/03\/IMG_20160530_165703-Large.jpg\" class=\"envira-gallery-3893 envira-gallery-link\" rel=\"enviragallery3893\" title=\"IMG_20160530_165703 (Large)\" data-envira-caption=\"IMG_20160530_165703 (Large)\" data-envira-retina=\"\" data-thumbnail=\"\"  itemprop=\"contentUrl\"><img decoding=\"async\" id=\"envira-gallery-image-3684\" class=\"envira-gallery-image envira-gallery-image-2 envira-normal envira-lazy\" data-envira-index=\"2\" src=\"https:\/\/i0.wp.com\/green-gvozd.com\/wp-content\/uploads\/2018\/03\/IMG_20160530_165703-Large.jpg?fit=640%2C359&#038;ssl=1\" data-envira-src=\"https:\/\/i0.wp.com\/green-gvozd.com\/wp-content\/uploads\/2018\/03\/IMG_20160530_165703-Large.jpg?fit=640%2C359&#038;ssl=1\" data-envira-gallery-id=\"3893\" data-envira-item-id=\"3684\" data-envira-caption=\"IMG_20160530_165703 (Large)\" alt=\"\" title=\"IMG_20160530_165703 (Large)\"  itemprop=\"thumbnailUrl\" data-envira-srcset=\"https:\/\/i0.wp.com\/green-gvozd.com\/wp-content\/uploads\/2018\/03\/IMG_20160530_165703-Large.jpg?fit=640%2C359&#038;ssl=1 400w,https:\/\/i0.wp.com\/green-gvozd.com\/wp-content\/uploads\/2018\/03\/IMG_20160530_165703-Large.jpg?fit=640%2C359&#038;ssl=1 2x\" data-envira-width=\"300\" data-envira-height=\"168\" srcset=\"data:image\/gif;base64,R0lGODlhAQABAIAAAP\/\/\/\/\/\/\/yH5BAEKAAEALAAAAAABAAEAAAICTAEAOw==\" data-safe-src=\"data:image\/gif;base64,R0lGODlhAQABAIAAAP\/\/\/\/\/\/\/yH5BAEKAAEALAAAAAABAAEAAAICTAEAOw==\" \/><\/a><\/div><\/div><div id=\"envira-gallery-item-3686\" class=\"envira-gallery-item enviratope-item envira-gallery-item-3 envira-lazy-load\" style=\"padding-left: 5px; padding-bottom: 10px; padding-right: 5px;\"  itemscope itemtype=\"https:\/\/schema.org\/ImageObject\"><div class=\"envira-gallery-item-inner\"><div class=\"envira-gallery-position-overlay  envira-gallery-top-left\"><\/div><div class=\"envira-gallery-position-overlay  envira-gallery-top-right\"><\/div><div class=\"envira-gallery-position-overlay  envira-gallery-bottom-left\"><\/div><div class=\"envira-gallery-position-overlay  envira-gallery-bottom-right\"><\/div><a href=\"https:\/\/i0.wp.com\/green-gvozd.com\/wp-content\/uploads\/2018\/03\/IMG_20160530_170653-Large.jpg\" class=\"envira-gallery-3893 envira-gallery-link\" rel=\"enviragallery3893\" title=\"\" data-envira-caption=\"\" data-envira-retina=\"\" data-thumbnail=\"\"  itemprop=\"contentUrl\"><img decoding=\"async\" id=\"envira-gallery-image-3686\" class=\"envira-gallery-image envira-gallery-image-3 envira-normal envira-lazy\" data-envira-index=\"3\" src=\"https:\/\/i0.wp.com\/green-gvozd.com\/wp-content\/uploads\/2018\/03\/IMG_20160530_170653-Large.jpg?fit=1920%2C1078&#038;ssl=1\" data-envira-src=\"https:\/\/i0.wp.com\/green-gvozd.com\/wp-content\/uploads\/2018\/03\/IMG_20160530_170653-Large.jpg?fit=1920%2C1078&#038;ssl=1\" data-envira-gallery-id=\"3893\" data-envira-item-id=\"3686\" data-envira-caption=\"\" alt=\"\" title=\"\"  itemprop=\"thumbnailUrl\" data-envira-srcset=\"https:\/\/i0.wp.com\/green-gvozd.com\/wp-content\/uploads\/2018\/03\/IMG_20160530_170653-Large.jpg?fit=1920%2C1078&#038;ssl=1 400w,https:\/\/i0.wp.com\/green-gvozd.com\/wp-content\/uploads\/2018\/03\/IMG_20160530_170653-Large.jpg?fit=1920%2C1078&#038;ssl=1 2x\" data-envira-width=\"300\" data-envira-height=\"168\" srcset=\"data:image\/gif;base64,R0lGODlhAQABAIAAAP\/\/\/\/\/\/\/yH5BAEKAAEALAAAAAABAAEAAAICTAEAOw==\" data-safe-src=\"data:image\/gif;base64,R0lGODlhAQABAIAAAP\/\/\/\/\/\/\/yH5BAEKAAEALAAAAAABAAEAAAICTAEAOw==\" \/><\/a><\/div><\/div><div id=\"envira-gallery-item-3544\" class=\"envira-gallery-item enviratope-item envira-gallery-item-4 envira-lazy-load\" style=\"padding-left: 5px; padding-bottom: 10px; padding-right: 5px;\"  itemscope itemtype=\"https:\/\/schema.org\/ImageObject\"><div class=\"envira-gallery-item-inner\"><div class=\"envira-gallery-position-overlay  envira-gallery-top-left\"><\/div><div class=\"envira-gallery-position-overlay  envira-gallery-top-right\"><\/div><div class=\"envira-gallery-position-overlay  envira-gallery-bottom-left\"><\/div><div class=\"envira-gallery-position-overlay  envira-gallery-bottom-right\"><\/div><a href=\"https:\/\/i0.wp.com\/green-gvozd.com\/wp-content\/uploads\/2018\/03\/IMG_20160530_151635-Large.jpg\" class=\"envira-gallery-3893 envira-gallery-link\" rel=\"enviragallery3893\" title=\"\" data-envira-caption=\"\" data-envira-retina=\"\" data-thumbnail=\"\"  itemprop=\"contentUrl\"><img decoding=\"async\" id=\"envira-gallery-image-3544\" class=\"envira-gallery-image envira-gallery-image-4 envira-normal envira-lazy\" data-envira-index=\"4\" src=\"https:\/\/i0.wp.com\/green-gvozd.com\/wp-content\/uploads\/2018\/03\/IMG_20160530_151635-Large.jpg?resize=600%2C400&#038;ssl=1\" data-envira-src=\"https:\/\/i0.wp.com\/green-gvozd.com\/wp-content\/uploads\/2018\/03\/IMG_20160530_151635-Large.jpg?resize=600%2C400&#038;ssl=1\" data-envira-gallery-id=\"3893\" data-envira-item-id=\"3544\" data-envira-caption=\"\" alt=\"\" title=\"\"  itemprop=\"thumbnailUrl\" data-envira-srcset=\"https:\/\/i0.wp.com\/green-gvozd.com\/wp-content\/uploads\/2018\/03\/IMG_20160530_151635-Large.jpg?resize=600%2C400&#038;ssl=1 400w,https:\/\/i0.wp.com\/green-gvozd.com\/wp-content\/uploads\/2018\/03\/IMG_20160530_151635-Large.jpg?resize=600%2C400&#038;ssl=1 2x\" data-envira-width=\"300\" data-envira-height=\"168\" srcset=\"data:image\/gif;base64,R0lGODlhAQABAIAAAP\/\/\/\/\/\/\/yH5BAEKAAEALAAAAAABAAEAAAICTAEAOw==\" data-safe-src=\"data:image\/gif;base64,R0lGODlhAQABAIAAAP\/\/\/\/\/\/\/yH5BAEKAAEALAAAAAABAAEAAAICTAEAOw==\" \/><\/a><\/div><\/div><\/div><\/div><noscript><img decoding=\"async\" src=\"https:\/\/i0.wp.com\/green-gvozd.com\/wp-content\/uploads\/2018\/03\/IMG_20160531_090120-Large.jpg?fit=1920%2C1078&#038;ssl=1\" alt=\"\" \/><img decoding=\"async\" src=\"https:\/\/i0.wp.com\/green-gvozd.com\/wp-content\/uploads\/2018\/03\/IMG_20160530_165703-Large.jpg?fit=1920%2C1078&#038;ssl=1\" alt=\"\" \/><img decoding=\"async\" src=\"https:\/\/i0.wp.com\/green-gvozd.com\/wp-content\/uploads\/2018\/03\/IMG_20160530_170653-Large.jpg?fit=1920%2C1078&#038;ssl=1\" alt=\"\" \/><img decoding=\"async\" src=\"https:\/\/i0.wp.com\/green-gvozd.com\/wp-content\/uploads\/2018\/03\/IMG_20160530_151635-Large.jpg?fit=1920%2C1078&#038;ssl=1\" alt=\"\" \/><\/noscript>\n\n\n\n\n\n<p><\/p>\n","protected":false},"excerpt":{"rendered":"<p>Investitor Vjetroelektrane Gvozd je dru\u0161tvo sa ograni\u010denom odgovorno\u0161\u0107u Green Gvozd d.o.o. sa sjedi\u0161tem u \u00d0oka Mira\u0161evica 17c, Podgorica. Dru\u0161tvo je osnovano sa ciljem istra\u017eivanja vjetropotencijala i razvoja projekata vjetroelektrana na podru\u010dju Crne Gore.<\/p>\n","protected":false},"author":1,"featured_media":0,"parent":0,"menu_order":0,"comment_status":"closed","ping_status":"closed","template":"","meta":{"_exactmetrics_skip_tracking":false,"_exactmetrics_sitenote_active":false,"_exactmetrics_sitenote_note":"","_exactmetrics_sitenote_category":0,"jetpack_post_was_ever_published":false,"footnotes":""},"class_list":["post-3619","page","type-page","status-publish","hentry"],"jetpack_sharing_enabled":true,"jetpack_shortlink":"https:\/\/wp.me\/PaMu7a-Wn","jetpack-related-posts":[],"_links":{"self":[{"href":"https:\/\/green-gvozd.com\/index.php?rest_route=\/wp\/v2\/pages\/3619","targetHints":{"allow":["GET"]}}],"collection":[{"href":"https:\/\/green-gvozd.com\/index.php?rest_route=\/wp\/v2\/pages"}],"about":[{"href":"https:\/\/green-gvozd.com\/index.php?rest_route=\/wp\/v2\/types\/page"}],"author":[{"embeddable":true,"href":"https:\/\/green-gvozd.com\/index.php?rest_route=\/wp\/v2\/users\/1"}],"replies":[{"embeddable":true,"href":"https:\/\/green-gvozd.com\/index.php?rest_route=%2Fwp%2Fv2%2Fcomments&post=3619"}],"version-history":[{"count":14,"href":"https:\/\/green-gvozd.com\/index.php?rest_route=\/wp\/v2\/pages\/3619\/revisions"}],"predecessor-version":[{"id":3895,"href":"https:\/\/green-gvozd.com\/index.php?rest_route=\/wp\/v2\/pages\/3619\/revisions\/3895"}],"wp:attachment":[{"href":"https:\/\/green-gvozd.com\/index.php?rest_route=%2Fwp%2Fv2%2Fmedia&parent=3619"}],"curies":[{"name":"wp","href":"https:\/\/api.w.org\/{rel}","templated":true}]}}